{"id":7,"date":"2026-04-24T07:42:17","date_gmt":"2026-04-24T07:42:17","guid":{"rendered":"https:\/\/nice-tereshkova.35-195-224-43.plesk.page\/?page_id=7"},"modified":"2026-04-24T07:43:20","modified_gmt":"2026-04-24T07:43:20","slug":"seo","status":"publish","type":"page","link":"https:\/\/nice-tereshkova.35-195-224-43.plesk.page\/","title":{"rendered":"SEo"},"content":{"rendered":"<p>[et_pb_section fb_built=&#8220;1&#8243; _builder_version=&#8220;4.16&#8243; global_colors_info=&#8220;{}&#8220;][et_pb_row _builder_version=&#8220;4.16&#8243; background_size=&#8220;initial&#8220; background_position=&#8220;top_left&#8220; background_repeat=&#8220;repeat&#8220; global_colors_info=&#8220;{}&#8220;][et_pb_column type=&#8220;4_4&#8243; _builder_version=&#8220;4.16&#8243; custom_padding=&#8220;|||&#8220; global_colors_info=&#8220;{}&#8220; custom_padding__hover=&#8220;|||&#8220;][et_pb_text _builder_version=&#8220;4.16&#8243; background_size=&#8220;initial&#8220; background_position=&#8220;top_left&#8220; background_repeat=&#8220;repeat&#8220; hover_enabled=&#8220;0&#8243; global_colors_info=&#8220;{}&#8220; sticky_enabled=&#8220;0&#8243;]<\/p>\n<p data-path-to-node=\"0\">Das w\u00e4re nat\u00fcrlich die absolute Wunschvorstellung, aber hier muss ich als KI ganz ehrlich zu dir sein: <b data-path-to-node=\"0\" data-index-in-node=\"103\">Eine 100%ige Garantie, dass bei Server-Updates niemals Fehler passieren, gibt es in der IT leider nicht.<\/b> Du liegst absolut richtig mit der Annahme, dass <i data-path-to-node=\"0\" data-index-in-node=\"256\">diese speziellen Updates<\/i> (kleine Versionsspr\u00fcnge, reine Sicherheits-Patches) ein <b data-path-to-node=\"0\" data-index-in-node=\"337\">sehr, sehr geringes Risiko<\/b> bergen. Im Normalfall laufen sie innerhalb von wenigen Sekunden ger\u00e4uschlos im Hintergrund durch, ohne dass deine Webseiten davon auch nur einen Schluckauf bekommen.<\/p>\n<p data-path-to-node=\"1\">Trotzdem k\u00f6nnen selbst bei den erprobtesten Updates unvorhergesehene \u00e4u\u00dfere Faktoren dazwischenfunken. Das k\u00f6nnen zum Beispiel folgende Dinge sein:<\/p>\n<ul data-path-to-node=\"2\">\n<li>\n<p data-path-to-node=\"2,0,0\"><b data-path-to-node=\"2,0,0\" data-index-in-node=\"0\">Verbindungsabbr\u00fcche:<\/b> Ein winziger Netzwerkausfall beim Provider genau in dem Moment, in dem das Update-Paket heruntergeladen wird, k\u00f6nnte die Datei besch\u00e4digen.<\/p>\n<\/li>\n<li>\n<p data-path-to-node=\"2,1,0\"><b data-path-to-node=\"2,1,0\" data-index-in-node=\"0\">Voller Speicher:<\/b> Wenn die Festplatte deines Servers zuf\u00e4llig genau bei der Installation die 100%-Marke erreicht, bricht das Update mittendrin ab und hinterl\u00e4sst ein halbfertiges Paket.<\/p>\n<\/li>\n<li>\n<p data-path-to-node=\"2,2,0\"><b data-path-to-node=\"2,2,0\" data-index-in-node=\"0\">Abh\u00e4ngigkeits-Konflikte:<\/b> Manchmal gibt es auf einem Server ganz spezielle, manuelle Anpassungen von anderen Programmen, die sich unerwartet mit der neuen Version kreuzen.<\/p>\n<\/li>\n<\/ul>\n<p data-path-to-node=\"3\"><b data-path-to-node=\"3\" data-index-in-node=\"0\">Zusammenfassend:<\/b> Die Wahrscheinlichkeit, dass bei diesen Updates dein Server lahmgelegt wird, geht stark gegen null \u2013 aber sie ist eben nie <i data-path-to-node=\"3\" data-index-in-node=\"140\">exakt<\/i> null. Deshalb ist es eine super Eigenschaft als Administrator, nicht blind zu vertrauen, sondern immer mit dem schlimmsten Fall (einem Fehler) zu rechnen.<\/p>\n<p data-path-to-node=\"4\">Hast du f\u00fcr deinen Plesk-Server bereits automatische, t\u00e4gliche Backups eingerichtet, damit du solche Updates in Zukunft v\u00f6llig entspannt und ohne Risiko ansto\u00dfen kannst?<\/p>\n<p>[\/et_pb_text][\/et_pb_column][\/et_pb_row][\/et_pb_section]<\/p>\n","protected":false},"excerpt":{"rendered":"<p>Das w\u00e4re nat\u00fcrlich die absolute Wunschvorstellung, aber hier muss ich als KI ganz ehrlich zu dir sein: Eine 100%ige Garantie, dass bei Server-Updates niemals Fehler passieren, gibt es in der IT leider nicht. Du liegst absolut richtig mit der Annahme, dass diese speziellen Updates (kleine Versionsspr\u00fcnge, reine Sicherheits-Patches) ein sehr, sehr geringes Risiko bergen. Im [&hellip;]<\/p>\n","protected":false},"author":1,"featured_media":0,"parent":0,"menu_order":0,"comment_status":"closed","ping_status":"closed","template":"","meta":{"_et_pb_use_builder":"on","_et_pb_old_content":"<p data-path-to-node=\"0\">Das w\u00e4re nat\u00fcrlich die absolute Wunschvorstellung, aber hier muss ich als KI ganz ehrlich zu dir sein: <b data-path-to-node=\"0\" data-index-in-node=\"103\">Eine 100%ige Garantie, dass bei Server-Updates niemals Fehler passieren, gibt es in der IT leider nicht.<\/b> Du liegst absolut richtig mit der Annahme, dass <i data-path-to-node=\"0\" data-index-in-node=\"256\">diese speziellen Updates<\/i> (kleine Versionsspr\u00fcnge, reine Sicherheits-Patches) ein <b data-path-to-node=\"0\" data-index-in-node=\"337\">sehr, sehr geringes Risiko<\/b> bergen. Im Normalfall laufen sie innerhalb von wenigen Sekunden ger\u00e4uschlos im Hintergrund durch, ohne dass deine Webseiten davon auch nur einen Schluckauf bekommen.<\/p><p data-path-to-node=\"1\">Trotzdem k\u00f6nnen selbst bei den erprobtesten Updates unvorhergesehene \u00e4u\u00dfere Faktoren dazwischenfunken. Das k\u00f6nnen zum Beispiel folgende Dinge sein:<\/p><ul data-path-to-node=\"2\"><li><p data-path-to-node=\"2,0,0\"><b data-path-to-node=\"2,0,0\" data-index-in-node=\"0\">Verbindungsabbr\u00fcche:<\/b> Ein winziger Netzwerkausfall beim Provider genau in dem Moment, in dem das Update-Paket heruntergeladen wird, k\u00f6nnte die Datei besch\u00e4digen.<\/p><\/li><li><p data-path-to-node=\"2,1,0\"><b data-path-to-node=\"2,1,0\" data-index-in-node=\"0\">Voller Speicher:<\/b> Wenn die Festplatte deines Servers zuf\u00e4llig genau bei der Installation die 100%-Marke erreicht, bricht das Update mittendrin ab und hinterl\u00e4sst ein halbfertiges Paket.<\/p><\/li><li><p data-path-to-node=\"2,2,0\"><b data-path-to-node=\"2,2,0\" data-index-in-node=\"0\">Abh\u00e4ngigkeits-Konflikte:<\/b> Manchmal gibt es auf einem Server ganz spezielle, manuelle Anpassungen von anderen Programmen, die sich unerwartet mit der neuen Version kreuzen.<\/p><\/li><\/ul><p data-path-to-node=\"3\"><b data-path-to-node=\"3\" data-index-in-node=\"0\">Zusammenfassend:<\/b> Die Wahrscheinlichkeit, dass bei diesen Updates dein Server lahmgelegt wird, geht stark gegen null \u2013 aber sie ist eben nie <i data-path-to-node=\"3\" data-index-in-node=\"140\">exakt<\/i> null. Deshalb ist es eine super Eigenschaft als Administrator, nicht blind zu vertrauen, sondern immer mit dem schlimmsten Fall (einem Fehler) zu rechnen.<\/p><p data-path-to-node=\"4\">Hast du f\u00fcr deinen Plesk-Server bereits automatische, t\u00e4gliche Backups eingerichtet, damit du solche Updates in Zukunft v\u00f6llig entspannt und ohne Risiko ansto\u00dfen kannst?<\/p>","_et_gb_content_width":"","footnotes":""},"class_list":["post-7","page","type-page","status-publish","hentry"],"_links":{"self":[{"href":"https:\/\/nice-tereshkova.35-195-224-43.plesk.page\/index.php?rest_route=\/wp\/v2\/pages\/7","targetHints":{"allow":["GET"]}}],"collection":[{"href":"https:\/\/nice-tereshkova.35-195-224-43.plesk.page\/index.php?rest_route=\/wp\/v2\/pages"}],"about":[{"href":"https:\/\/nice-tereshkova.35-195-224-43.plesk.page\/index.php?rest_route=\/wp\/v2\/types\/page"}],"author":[{"embeddable":true,"href":"https:\/\/nice-tereshkova.35-195-224-43.plesk.page\/index.php?rest_route=\/wp\/v2\/users\/1"}],"replies":[{"embeddable":true,"href":"https:\/\/nice-tereshkova.35-195-224-43.plesk.page\/index.php?rest_route=%2Fwp%2Fv2%2Fcomments&post=7"}],"version-history":[{"count":3,"href":"https:\/\/nice-tereshkova.35-195-224-43.plesk.page\/index.php?rest_route=\/wp\/v2\/pages\/7\/revisions"}],"predecessor-version":[{"id":10,"href":"https:\/\/nice-tereshkova.35-195-224-43.plesk.page\/index.php?rest_route=\/wp\/v2\/pages\/7\/revisions\/10"}],"wp:attachment":[{"href":"https:\/\/nice-tereshkova.35-195-224-43.plesk.page\/index.php?rest_route=%2Fwp%2Fv2%2Fmedia&parent=7"}],"curies":[{"name":"wp","href":"https:\/\/api.w.org\/{rel}","templated":true}]}}